t r = 32 + -16. Calculate the remainder when -66*(-1 - (-2)/6) is divided by r.
12
Suppose 0 = -2*v - 1 + 5. Suppose 5*s - 32 = 4*k - k, -2*k = v*s. What is the remainder when 18 + 0 + (-16)/k is divided by 6?
4
Let f(o) = 14*o - 12. Let l(r) = -r - 1. Let w(d) = f(d) + 5*l(d). What is the remainder when w(11) is divided by 17?
14
Let g be (24 + 0 + 3)*1. Suppose i = 5*h + 9, 3*i = 6*h - h + g. Calculate the remainder when 26 is divided by i.
8
Suppose -588*l - 108 = -590*l. Calculate the remainder when 430 is divided by l.
52
Suppose -3*p = 5*i - i - 45, 2*i + 3*p = 15. Calculate the remainder when 134 is divided by 6/i - 146/(-10).
14
Suppose 12*j = 49*j - 3219. Calculate the remainder when j is divided by 9.
6
Suppose -112*u + 7600 = -62*u. What is the remainder when 167 is divided by u?
15
Let r(l) = l**2 - 8*l + 3. Let n be r(8). Suppose n*u - 5 = 2*u. Let x = -881 + 884. What is the remainder when u is divided by x?
2
Let t(z) = 175*z + 2. Let b = -20 + 22. Let u be t(b). Suppose 4*r - u + 72 = 0. What is the remainder when r is divided by 18?
16
Let r(z) = -z**3 + 3*z**2 + 235*z - 21. Calculate the remainder when (1 - (-2 - -2)) + 208 is divided by r(-14).
20
Let c = -20 - -173. Let a(j) = -j**2 - 16*j + 39. What is the remainder when c is divided by a(-16)?
36
Calculate the remainder when 71 is divided by -3 + 72/(-10)*180/(-27).
26
Suppose 4*y + 0*y + 4 = 4*s, -3*s + 2*y = 2. Calculate the remainder when 7 is divided by 3*2 + s/2.
3
Let n(l) = -6*l + 30. What is the remainder when 182 is divided by n(-11)?
86
Let o(z) = -z**3 + 6*z**2 + 11*z - 10. Suppose 0 = -5*g + 4*x + 172, -g + x - 29 = -2*g. Calculate the remainder when g is divided by o(7).
14
Suppose 2*w = 8*w + 252. Let h = w - -73. Calculate the remainder when h is divided by 4 + -3 + 20/2.
9
Let h(o) = o**2 - 24*o + 13. Calculate the remainder when 141 is divided by h(24).
11
Suppose -16*r - 560 = -32*r. Let v = 47 - 10. Suppose -v + 140 = x. What is the remainder when x is divided by r?
33
Let i be 13 + -14 - (0 + -333). Suppose -5*n + i = -338. What is the remainder when n is divided by 34?
32
Let c(b) = -b**3 - b**2 + 4*b - 3. Let s be c(-3). Suppose -4*f + 116 = 2*w, -3*f + s*w + w = -65. What is the remainder when f is divided by 14?
13
Suppose 5*s + 5*c - 910 = 0, 3*s + c - 81 = 457. Calculate the remainder when s is divided by 45.
43
What is the remainder when 410 is divided by (-11 + 16)*(-3 + (-33)/(-5))?
14
Suppose 2*r + 2*f + 2*f = 24, -5*r + 3*f + 112 = 0. What is the remainder when (-574)/(-4) + (-30)/r is divided by 48?
46
Let g(j) = 73*j**3 - j + 1. Suppose 5*w + 2*s = -s + 15, -5*w - 2*s + 20 = 0. What is the remainder when g(1) is divided by -6*(-2)/w - 34/(-2)?
16
Let k = 3 - 5. Let p = 15 + k. Let g(l) = l**3 - 4*l**2 + 3*l - 8. What is the remainder when p is divided by g(4)?
1
Let p(u) = -25*u - 34. Calculate the remainder when p(-11) is divided by 27.
25
Calculate the remainder when (-126)/(-4) - (-25)/(-50) is divided by 30.
1
Let x(z) = -6*z + 6. Let w be x(-5). Let f = w - -12. Suppose -4*y + f = -36. What is the remainder when 40 is divided by y?
19
Suppose -3*n = 5*v + n - 61, 4*v - 4*n = 20. Suppose v*u + 155 = 380. What is the remainder when 71 is divided by u?
21
Suppose 0*v = v + 4. Let f be -1*(28*v)/2. Suppose -19 = -c + 3*u + 7, -4*u + f = 4*c. Calculate the remainder when 65 is divided by c.
14
Suppose -4*y + 27 = k, 0 = -0*k + k + 2*y - 29. What is the remainder when k is divided by 4?
3
Let z(q) = q + 18. Let y be z(-7). Suppose -y*f + 7*f = -40. Calculate the remainder when f is divided by 6.
4
Let a(w) be the second derivative of w**5/20 - w**4/4 - w**3 + 3*w**2 + w. Let y be a(4). What is the remainder when 3*1/y*-20 is divided by 11?
8
Let h = 72 - 61. Let r = -51 - -71. What is the remainder when r is divided by (-21)/(-3) - (11 - h)?
6
Suppose -165 = -2*z - 5*j, -5*j + 78 = z - 4*j. What is the remainder when z is divided by 27?
21
Calculate the remainder when 329 is divided by (1 - 10 - -12)/(3/112).
105
Suppose 7*n - 4*p = 8*n - 42, 147 = 5*n - p. What is the remainder when 77 is divided by n?
17
Suppose 55 = -5*n + 8*x - 3*x, 5*n - 2*x = -46. Let b(c) = c**3 + 7*c**2 - 11*c - 22. What is the remainder when 10 is divided by b(n)?
0
Suppose -142 = -4*f - 3*b + b, 5*f - 180 = -5*b. What is the remainder when f is divided by 28?
7
Let n(l) = -2*l + 72. Suppose t + 134 = 3*b, -5*t + 6 = 1. What is the remainder when b is divided by n(24)?
21
Let y(w) = 26*w - 36. Calculate the remainder when 210 is divided by y(4).
6
Suppose w - 93 = -2*w. Suppose 5*k = 4*k + 2. Calculate the remainder when w is divided by k/((-18)/(-8) - (1 + 1)).
7
Let n = 424 + -406. Suppose 5*k = 6 + 4. Suppose 1 = -k*q + 11. Calculate the remainder when n is divided by q.
3
Let b = 29 - 25. Suppose -b*l = -677 + 225. What is the remainder when l is divided by 23?
21
Let a(y) be the third derivative of -y**6/40 - y**5/20 + y**4/12 - 7*y**3/6 - 11*y**2. What is the remainder when a(-3) is divided by 22?
19
Let g = -349 - -479. What is the remainder when g is divided by 3?
1
Suppose 2*x - 5 = 3. Suppose x*i + 0*i - 92 = 0. What is the remainder when i is divided by 6?
5
Let o(y) be the third derivative of y**6/30 - y**5/30 - y**4/24 + y**3/6 - 32*y**2. Calculate the remainder when o(2) is divided by 13.
10
Calculate the remainder when 275 is divided by ((-23)/(-4))/(10/40).
22
Let c = -62 - -147. Let t(m) = -m**2 - 9*m - 12. Let k be t(-8). Calculate the remainder when c is divided by k/(-14) - (-760)/35.
19
Let n(c) = c**3 - 41*c**2 - 35*c - 140. Calculate the remainder when n(42) is divided by 26.
24
Suppose 0 = 2*n - r - 439, r - 488 = -3*n + 158. What is the remainder when n is divided by 20?
17
Let d(p) = 4*p + 27. Calculate the remainder when 14 is divided by d(-5).
0
Let a(z) = z**3 + 13*z**2 + 2*z - 34. What is the remainder when 210 is divided by a(-6)?
4
Suppose -2*u - 288 = -5*u. What is the remainder when u is divided by 17/1 + 6/(1 + 1)?
16
Let x(v) = v**3 - 11*v**2 + 11*v + 2. Calculate the remainder when x(10) is divided by 2.
0
Let x(d) = d**3 - 12*d**2 - 13*d. Let p be x(13). Suppose 5*z - 2*b - 264 = 0, p*b + 5*b = 4*z - 201. What is the remainder when 105 is divided by z?
51
Let y = 83 + -84. Let p = y - -67. What is the remainder when p is divided by 23?
20
Let u(f) = -f**2 + 10*f - 10. Suppose -5*g + b = 7 - 44, 2*b + 11 = g. Calculate the remainder when 1360/64 - (-3)/(-12) is divided by u(g).
10
Let z(a) = -3*a - 3. Let i = -47 - -41. Calculate the remainder when z(i) is divided by 10.
5
Suppose u = -1 + 9. Suppose -3*p - 223 + 313 = 0. What is the remainder when p is divided by u?
6
Let p(m) = 2*m**2 + 4*m + 2. What is the remainder when p(5) is divided by 26?
20
Let f(d) = d**3 + 7*d**2 + 5*d + 8. What is the remainder when ((-1)/5*3)/(23/(-2645)) is divided by f(-6)?
13
Let v = -70 - -70. Suppose v = -2*k - 5*u + 1, 2*u - 18 = 2*k - 5*k. Calculate the remainder when 12 is divided by k.
4
Suppose 9*h - 81 = 90. Calculate the remainder when 132 is divided by h.
18
Let b(v) = 3*v + 13. What is the remainder when b(6) is divided by 8?
7
Suppose p = 3*p - 216. Suppose 0 = g - 4*i - 98, 2*g + i - p = g. Suppose 6 = 4*k - g. Calculate the remainder when 55 is divided by k.
27
Suppose -8 = 2*m, -m - m - 50 = -3*u. Let y = u - 0. Let r(v) = 2*v**2 - 26*v - 172. What is the remainder when y is divided by r(18)?
6
Suppose -4 = l, -r + 5*r = 5*l + 64. What is the remainder when 23 is divided by r?
1
Let q = 158 - -39. Calculate the remainder when q is divided by 40.
37
Let p(a) be the third derivative of -a**6/120 - 13*a**5/60 + 7*a**4/12 + 8*a**3/3 - 2*a**2. What is the remainder when 62 is divided by p(-14)?
14
Suppose -8*h = -4*h. Suppose f = -3*p + 13, -5*f + 8 = -5*p - 17. Suppose -f = -h*i - i. Calculate the remainder when i is divided by 5.
2
Suppose -4*h + 21 - 1 = 0. Suppose -h*k - 205 = -5*q, k - 123 = -5*q + 2*q. What is the remainder when q is divided by (8 + 3)*(0 + 2 + -1)?
8
Suppose x - 4 = 2*t - 0*x, x = -2. What is the remainder when 30 is divided by 42/2 + (-5 - t)?
11
Let s(o) = 2*o**2 + 9*o + 15. Calculate the remainder when s(8) is divided by 7.
5
Suppose 3*q - q - 4 = 0. Suppose -3*u = -q*k - 1, 2*u - 5*k + 2 = -1. Calculate 